1 + -20. Let p be (-1)/(-3) - x/r. Calculate the highest common divisor of 5 and p.
5
Let c = 6 + -4. Suppose -3*x - 4 = c. Let v be (-1 - x)/((-2)/(-6)). What is the greatest common factor of v and 3?
3
Let g(k) = -3*k - 14. Let h be g(-14). What is the highest common divisor of h and 252?
28
Let f be (-6 + 6)/(-1 - 1). Suppose 0*v - v = f. Suppose v*s = -2*s + 36. What is the greatest common factor of 18 and s?
18
Let c(y) = y - 1. Let h be c(2). Let d = 4 - h. Calculate the greatest common divisor of d and 24.
3
Let m be (6/(-5))/((-5)/600). Calculate the highest common divisor of m and 18.
18
Let c(u) = -16*u + 23. Let z be c(-13). Calculate the highest common factor of 33 and z.
33
Let f(h) = -h**2 + 6*h + 9. Let w be f(6). What is the highest common factor of w and 45?
9
Let p(x) = -x + 6. Let s be p(-6). Let r be s/(-30) - (-4254)/10. Suppose r = -g + 6*g. What is the highest common divisor of g and 34?
17
Let n = 31 + -28. Let p be 106 + (n - 0) + 3. Calculate the highest common divisor of 14 and p.
14
Let k be 1/(2/26)*1. Let f = -130 - -195. What is the highest common factor of k and f?
13
Suppose 0*w = 3*w - 135. What is the highest common divisor of 18 and w?
9
Suppose -4*k + 0*u = -u - 21, -2*k - 4*u - 12 = 0. Let w(v) = -6 + 2*v + 3 + 0*v. Let m be w(k). Calculate the highest common divisor of m and 20.
5
Suppose -21 = 7*p - 42. What is the greatest common divisor of 1 and p?
1
Let h be 36 - (-10)/15*-6. What is the highest common divisor of 64 and h?
32
Let n(b) = -3*b - 4. Let c be n(-3). Suppose -c*a - 51 = -4*o - 0*o, -4*o = -4*a - 52. Calculate the greatest common divisor of o and 70.
14
Let b = -206 + 228. Let z(c) = 4*c + 2. Let a be z(5). What is the greatest common divisor of b and a?
22
Let k = -2 + 3. Let i = 121 - 116. Suppose -k = l - i. Calculate the greatest common factor of 16 and l.
4
Let s be (-2)/(-3)*9/2. Suppose -2*d = s*n - 53 - 135, 0 = -5*d + 3*n + 512. Calculate the highest common factor of d and 40.
20
Let u(q) = q**3 + 9*q**2 + 7*q - 6. Let g be u(-8). Suppose v - 2*c + 4 = g*c, 16 = 3*v + 2*c. What is the greatest common factor of v and 16?
4
Let d(m) = m**3 - 11*m**2 + 12. Suppose -5*s - f + 5*f = -47, -4*s + f + 42 = 0. Let r be d(s). What is the greatest common divisor of 36 and r?
12
Let k(t) = t**2 - 24*t + 29. Let v be k(23). What is the highest common divisor of 51 and v?
3
Suppose -2*w = 3*l - 24 - 1, 0 = -l + 5*w - 20. Let y be 23/l - (-2)/5. Calculate the greatest common divisor of y and 15.
5
Let n(f) = -f**3 + 1. Let c be n(0). Suppose 12 = t - c. Suppose 0 = 5*b - b - 416. What is the highest common factor of b and t?
13
Suppose 3*l = 31 + 14. Let x be 10/35 - 33/(-7). Let b be 110*((-15)/(-2))/x. What is the highest common factor of l and b?
15
Suppose -2*h + 5*o + 39 = 0, h - 6 - 11 = 2*o. What is the greatest common factor of 7 and h?
7
Let j be 12*(-2 - 30/(-9)). Let s(x) = j*x**2 + x**2 + 25*x**2. Let p be s(1). What is the greatest common factor of p and 28?
14
Suppose -5*c - 6 = -2*m, -12 = 2*m - 6*m - 3*c. Let y be 1*(-3 - (m - 76)). What is the greatest common factor of y and 14?
14
Let u = 1 + 2. Suppose -u*a + 76 = -a. Suppose -4*y - 60 = -4*b, -5*b + 4*y + a = -34. Calculate the highest common divisor of 8 and b.
4
Let n(i) = -i**3 - 1. Let a be n(1). Let g be -5*((-16)/(-5))/a. Calculate the highest common factor of g and 8.
8
Suppose 2*l - 11 = t, -2*t = 7*l - 2*l - 23. Suppose -189 = -l*x + 3*n + 126, 0 = -4*n + 20. Let m = x + -46. What is the greatest common divisor of m and 60?
20
Let a = -3 + 19. What is the greatest common divisor of 2 and a?
2
Let h = -30 - -55. Calculate the greatest common factor of 325 and h.
25
Let m = -14 - -10. Let i be -39*(m/3 + -1). What is the greatest common factor of 13 and i?
13
Suppose 10 = 2*p - 2. Let h be 44*((-9)/p)/3. Let z be h/(-12) + 3/18. Calculate the greatest common divisor of z and 2.
2
Let s = -4 + 4. Suppose s*g + 351 = 3*g. Calculate the greatest common divisor of g and 13.
13
Let u(g) = g**3 + 6*g**2 - 4*g - 7. Let m be u(-5). Suppose 4*b + b + 50 = 5*o, 5*o = -b + m. What is the greatest common factor of 12 and o?
4
Let o = 86 + -46. Let w(f) = 4*f**2 - 2*f - 2. Let p be w(2). What is the greatest common factor of o and p?
10
Suppose -4*j - 53 + 13 = 0. Let c be (j + -8)*(-8)/3. Calculate the highest common factor of 12 and c.
12
Suppose d + 3*q + 6 = -2*d, 0 = 5*d + 3*q + 12. Let o(j) = j**2 - j - 4. Let l be o(d). Calculate the greatest common divisor of 4 and l.
4
Suppose d + 10 = 2*d. Suppose -7*r + 2*r = 0. Suppose -2*i + 6*i - 40 = r. Calculate the highest common factor of d and i.
10
Let b(w) = w**3 - 4*w**2 - 4*w - 1. Let m be b(5). Suppose 14 = -g + 8*g. What is the greatest common divisor of m and g?
2
Suppose 0 = -z + 2*z + 2*s - 12, -z = 5*s - 21. Let i be (56/(-35))/(3/(-90)*1). What is the highest common factor of z and i?
6
Let d = 15 + -11. Let h be d/6 - 158/(-6). Let c be (-5 - -3)*(-3)/2. Calculate the greatest common divisor of c and h.
3
Suppose -6*m + 9 = -99. What is the greatest common divisor of m and 2?
2
Let t = -6 - -9. Suppose a + 36 = t*a. Let l(i) = -i**3 + 8*i**2 + 2*i + 6. Let c be l(6). What is the greatest common divisor of c and a?
18
Let f(x) = -x**3 - 11*x**2 + 9*x - 12. Suppose 0 = 5*k + 23 + 37. Let z be f(k). Calculate the highest common divisor of 24 and z.
24
Suppose 4*z = -5*w - 353, -148 = 6*w - 4*w + 5*z. Let j be (w/3)/(-1 + 0). Calculate the greatest common divisor of j and 207.
23
Let p(l) = l + 31. Let h be p(-13). What is the highest common factor of 162 and h?
18
Let i = 14 + -14. Suppose -2*q + i + 12 = 0. Calculate the highest common factor of 6 and q.
6
Let g(w) = -5*w + 31. Let y be g(4). Calculate the greatest common divisor of 44 and y.
11
Suppose 0 = l + 4*m - 33, 4*l - 3*m + m - 60 = 0. Calculate the highest common divisor of 85 and l.
17
Let d = -2 + 4. Suppose -2*s + s = -32. Suppose -s = -0*l - 4*l. Calculate the highest common divisor of l and d.
2
Suppose -3*t - 24 = -156. Let j = -20 + t. What is the greatest common divisor of j and 12?
12
Let a be (4 - 1794/(-15)) + (-2)/(-5). Calculate the greatest common divisor of 186 and a.
62
Suppose 0*t = -5*t - 45. Let v = 23 + t. Suppose -52 = -2*i + v. Calculate the greatest common divisor of i and 11.
11
Let f(g) = g - 2. Let c be f(5). Calculate the highest common divisor of c and 21.
3
Let x(n) be the third derivative of -n**4/24 + n**3/6 - 8*n**2. Let g be x(-11). What is the greatest common factor of g and 84?
12
Suppose -170 = -5*a - 5*k, -3*k - 142 = -5*a - k. Let u = a - 17. What is the greatest common divisor of 91 and u?
13
Suppose -5*k + 39 = 4. What is the greatest common divisor of k and 63?
7
Suppose -4*w + 130 = 5*n + w, 2*n - 44 = 2*w. What is the greatest common factor of 80 and n?
8
Suppose v = i - 8, -3 = 3*v + 2*i + 6. Let y(w) = w - 2. Let o be y(v). Let a be o/((-1)/(-2)*-2). What is the highest common factor of a and 28?
7
Suppose -4*i + 4 = 5*g, -3*i - 2*i - 36 = -4*g. What is the greatest common factor of g and 68?
4
Let b(i) = 20*i. Let y be b(1). Suppose 3*a - d + 13 = -6*d, 3*a + 2*d = -25. Let u = a + y. What is the greatest common factor of u and 6?
3
Let v(l) = -8*l - 20. Let c be v(-6). Let g be ((-2)/4)/(2/8). Let j = g - -6. What is the greatest common divisor of j and c?
4
Suppose 0*q = -4*q + 668. Let y = q - 102. Suppose 4*t - 41 - 11 = 0. What is the greatest common factor of y and t?
13
Let g be (-9625)/(-63) + 2/9. Calculate the greatest common divisor of 17 and g.
17
Suppose 6 = -0*a + a + p, 2*a = 2*p + 20. What is the greatest common factor of a and 2?
2
Suppose 3*x + 720 = -2*x. Let b = -83 - x. Let f = b - 43. What is the highest common factor of 45 and f?
9
Let j be 21*-1*(-16)/3. Calculate the greatest common divisor of j and 14.
14
Suppose 6*n - 4*n = 20. Calculate the highest common divisor of n and 90.
10
Suppose -3*l + 59 = 4*j - 0*l, 4*l - 31 = -j. Suppose 0 = 4*s + 3*g + 248, 0 = -2*g + 12 - 4. Let v = 109 + s. Calculate the highest common divisor of j and v.
11
Let m = 34 + -31. What is the greatest common factor of 24 and m?
3
Suppose 0 = -3*a + 4 + 2. Let i be 2 + (a - 5) + 109. Calculate the highest common factor of 12 and i.
12
Suppose -4*g + 8*g - 12 